t is the remainder when 2311593 is divided by 63?
60
Calculate the remainder when 25699 is divided by 6.
1
Calculate the remainder when 119457 is divided by 274.
267
What is the remainder when 291 is divided by 209?
82
What is the remainder when 473 is divided by 89?
28
Calculate the remainder when 2845 is divided by 83.
23
What is the remainder when 2335065 is divided by 165?
150
What is the remainder when 116580 is divided by 10?
0
Calculate the remainder when 263911 is divided by 22.
21
Calculate the remainder when 1040051 is divided by 520022.
7
Calculate the remainder when 1316 is divided by 72.
20
Calculate the remainder when 211828 is divided by 146.
128
What is the remainder when 7060 is divided by 1007?
11
Calculate the remainder when 15772 is divided by 3129.
127
What is the remainder when 128465 is divided by 18?
17
What is the remainder when 65379 is divided by 6?
3
Calculate the remainder when 676735 is divided by 622.
621
Calculate the remainder when 11141 is divided by 112.
53
What is the remainder when 8151 is divided by 198?
33
Calculate the remainder when 546669 is divided by 3054.
3
Calculate the remainder when 6092 is divided by 278.
254
What is the remainder when 768019 is divided by 36?
31
What is the remainder when 1675 is divided by 34?
9
What is the remainder when 3875 is divided by 399?
284
Calculate the remainder when 159069 is divided by 96.
93
Calculate the remainder when 1799 is divided by 356.
19
Calculate the remainder when 4153 is divided by 738.
463
What is the remainder when 80056 is divided by 5699?
270
What is the remainder when 39705 is divided by 13232?
9
Calculate the remainder when 4599 is divided by 765.
9
Calculate the remainder when 17521 is divided by 46.
41
Calculate the remainder when 3679 is divided by 84.
67
What is the remainder when 10482 is divided by 825?
582
What is the remainder when 617279 is divided by 1208?
1199
Calculate the remainder when 554 is divided by 124.
58
Calculate the remainder when 503509 is divided by 252.
13
What is the remainder when 24952 is divided by 52?
44
Calculate the remainder when 350578 is divided by 15.
13
What is the remainder when 114436 is divided by 593?
580
What is the remainder when 72486 is divided by 10?
6
Calculate the remainder when 2707 is divided by 192.
19
Calculate the remainder when 61331 is divided by 12208.
291
Calculate the remainder when 1897453 is divided by 787.
783
What is the remainder when 1242407 is divided by 112?
103
Calculate the remainder when 549056 is divided by 17.
7
Calculate the remainder when 23130 is divided by 137.
114
Calculate the remainder when 2035184 is divided by 12.
8
Calculate the remainder when 166606 is divided by 11899.
20
Calculate the remainder when 8633 is divided by 546.
443
Calculate the remainder when 26210 is divided by 49.
44
What is the remainder when 929 is divided by 442?
45
What is the remainder when 338699 is divided by 41?
39
What is the remainder when 981 is divided by 161?
15
What is the remainder when 271436 is divided by 17?
14
What is the remainder when 9507 is divided by 1576?
51
What is the remainder when 167594 is divided by 483?
476
Calculate the remainder when 50113 is divided by 36.
1
Calculate the remainder when 561337 is divided by 20.
17
Calculate the remainder when 26312 is divided by 137.
8
What is the remainder when 1001 is divided by 138?
35
Calculate the remainder when 1599 is divided by 737.
125
What is the remainder when 476409 is divided by 13?
11
Calculate the remainder when 105605 is divided by 22.
5
Calculate the remainder when 327395 is divided by 3.
2
What is the remainder when 64638 is divided by 404?
402
Calculate the remainder when 50123 is divided by 8339.
89
What is the remainder when 5655 is divided by 1116?
75
Calculate the remainder when 3396 is divided by 1211.
974
What is the remainder when 1395701 is divided by 462?
461
Calculate the remainder when 139739 is divided by 837.
797
What is the remainder when 7312 is divided by 26?
6
What is the remainder when 8474 is divided by 34?
8
Calculate the remainder when 1418 is divided by 65.
53
What is the remainder when 114064 is divided by 147?
139
What is the remainder when 1600 is divided by 303?
85
What is the remainder when 91924 is divided by 671?
668
Calculate the remainder when 3011 is divided by 606.
587
What is the remainder when 1154 is divided by 121?
65
What is the remainder when 86025 is divided by 19?
12
What is the remainder when 55089 is divided by 13770?
9
What is the remainder when 5878 is divided by 1957?
7
What is the remainder when 27220 is divided by 13520?
180
What is the remainder when 2613 is divided by 167?
108
Calculate the remainder when 2305 is divided by 343.
247
What is the remainder when 1619 is divided by 255?
89
What is the remainder when 5190 is divided by 104?
94
What is the remainder when 78452 is divided by 26061?
269
Calculate the remainder when 1101 is divided by 8.
5
Calculate the remainder when 9307 is divided by 721.
655
Calculate the remainder when 67588 is divided by 18.
16
Calculate the remainder when 7178 is divided by 4.
2
What is the remainder when 12582 is divided by 58?
54
Calculate the remainder when 40632 is divided by 79.
26
What is the remainder when 17409 is divided by 514?
447
What is the remainder when 24322 is divided by 9?
4
What is the remainder when 2671 is divided by 220?
31
Calculate the remainder when 4367 is divided by 2183.
1
Calculate the remainder when 270180 is divided by 38597.
1
Calculate the remainder when 3931 is divided by 231.
4
What is the remainder when 856 is divided by 29?
15
Calculate the remainder when 7331 is divided by 282.
281
What is the remainder when 14964 is divided by 41?
40
What is the remainder when 11009 is divided by 2201?
4
What is the remainder when 13796 is divided by 49?
27
Calculate the remainder when 21218 is divided by 173.
112
Calculate the remainder when 21231 is divided by 242.
177
What is the remainder when 82700 is divided by 19?
12
Calculate the remainder when 173766 is divided by 19305.
21
What is the remainder when 1631 is divided by 12?
11
What is the remainder when 7594 is divided by 42?
34
What is the remainder when 14281 is divided by 4722?
115
What is the remainder when 682 is divided by 151?
78
What is the remainder when 5231 is divided by 2610?
11
Calculate the remainder when 19578 is divided by 7.
6
Calculate the remainder when 6485 is divided by 810.
5
What is the remainder when 77638 is divided by 53?
46
What is the remainder when 421 is divided by 224?
197
Calculate the remainder when 87474 is divided by 65.
49
What is the remainder when 9263 is divided by 717?
659
Calculate the remainder when 163657 is divided by 70.
67
Calculate the remainder when 27614 is divided by 238.
6
Calculate the remainder when 43046 is divided by 195.
146
Calculate the remainder when 156336 is divided by 14212.
4
What is the remainder when 4127 is divided by 4119?
8
Calculate the remainder when 38622 is divided by 284.
282
What is the remainder when 1188 is divided by 143?
44
Calculate the remainder when 22096 is divided by 817.
37
Calculate the remainder when 376357 is divided by 37.
30
What is the remainder when 333 is divided by 27?
9
Calculate the remainder when 1676314 is divided by 379.
376
What is the remainder when 28752 is divided by 297?
240
What is the remainder when 4562 is divided by 476?
278
Calculate the remainder when 6174143 is divided by 24.
23
What is the remainder when 432909 is divided by 32?
13
Calculate the remainder when 2401 is divided by 89.
87
What is the remainder when 4713 is divided by 292?
41
Calculate the remainder when 77076 is divided by 731.
321
What is the remainder when 601 is divided by 88?
73
Calculate the remainder when 22112 is divided by 186.
164
Calculate the remainder when 15760 is divided by 343.
325
What is the remainder when 177745 is divided by 537?
535
Calculate the remainder when 4479 is divided by 4471.
8
Calculate the remainder when 71373 is divided by 25.
23
What is the remainder when 13909 is divided by 3164?
1253
Calculate the remainder when 75500 is divided by 66.
62
What is the remainder when 113013 is divided by 245?
68
Calculate the remainder when 1844 is divided 